he greatest common divisor of 336 and 144.
48
What is the greatest common factor of 32 and 20?
4
What is the greatest common factor of 16 and 1096?
8
Calculate the highest common factor of 200 and 320.
40
Calculate the greatest common divisor of 520 and 40.
40
Calculate the highest common divisor of 82 and 41.
41
What is the highest common factor of 119 and 1649?
17
What is the greatest common divisor of 368 and 23?
23
Calculate the highest common divisor of 11 and 4796.
11
Calculate the highest common factor of 84 and 1722.
42
What is the greatest common divisor of 1302 and 31?
31
Calculate the greatest common factor of 56 and 104.
8
What is the highest common factor of 46 and 23?
23
What is the greatest common factor of 994 and 56?
14
What is the greatest common divisor of 511 and 2774?
73
Calculate the highest common divisor of 46 and 5612.
46
What is the highest common factor of 296 and 1295?
37
Calculate the highest common divisor of 249 and 249.
249
Calculate the greatest common divisor of 990 and 440.
110
What is the highest common divisor of 155 and 279?
31
Calculate the highest common divisor of 1274 and 392.
98
What is the greatest common divisor of 9 and 129951?
9
What is the highest common factor of 4 and 239?
1
Calculate the highest common divisor of 168 and 24.
24
Calculate the greatest common divisor of 248 and 279.
31
Calculate the greatest common divisor of 3335 and 5.
5
What is the highest common factor of 180 and 3200?
20
What is the highest common factor of 246 and 24?
6
What is the highest common divisor of 40 and 170?
10
What is the greatest common factor of 1501 and 79?
79
What is the highest common factor of 75 and 15?
15
Calculate the highest common divisor of 380 and 60.
20
What is the greatest common factor of 174 and 435?
87
What is the highest common divisor of 40 and 4040?
40
What is the highest common divisor of 3120 and 117?
39
Calculate the highest common divisor of 24 and 136.
8
What is the greatest common factor of 154 and 110?
22
Calculate the highest common divisor of 666 and 888.
222
Calculate the highest common factor of 192 and 60.
12
Calculate the highest common divisor of 106 and 2862.
106
Calculate the highest common divisor of 21 and 77.
7
Calculate the highest common factor of 3504 and 2847.
219
Calculate the greatest common factor of 224 and 256.
32
What is the highest common divisor of 19 and 38?
19
What is the highest common divisor of 26 and 4706?
26
What is the greatest common divisor of 2034 and 90?
18
What is the highest common divisor of 2891 and 59?
59
Calculate the greatest common divisor of 7 and 46088.
7
Calculate the highest common divisor of 88 and 22.
22
What is the highest common factor of 210 and 30?
30
What is the greatest common factor of 960 and 60?
60
Calculate the greatest common divisor of 116 and 34394.
58
Calculate the greatest common factor of 31 and 107291.
31
Calculate the highest common divisor of 162 and 8.
2
What is the highest common divisor of 93 and 3410?
31
What is the highest common factor of 4108 and 52?
52
Calculate the highest common divisor of 2001 and 2175.
87
What is the highest common factor of 6690 and 30?
30
What is the greatest common divisor of 1125 and 25?
25
Calculate the greatest common divisor of 24 and 16476.
12
What is the highest common factor of 238 and 68?
34
What is the highest common divisor of 156 and 24?
12
What is the greatest common factor of 1130 and 20?
10
What is the highest common factor of 36 and 1350?
18
Calculate the highest common divisor of 20 and 12.
4
Calculate the highest common factor of 2 and 79.
1
Calculate the highest common divisor of 381 and 3.
3
What is the greatest common divisor of 11 and 3256?
11
Calculate the highest common factor of 17 and 34.
17
Calculate the highest common factor of 36 and 32.
4
Calculate the greatest common factor of 1230 and 7626.
246
What is the greatest common divisor of 1967 and 28?
7
What is the greatest common divisor of 138 and 207?
69
What is the highest common factor of 242 and 55?
11
Calculate the highest common divisor of 185 and 400.
5
What is the greatest common factor of 357 and 4488?
51
Calculate the greatest common factor of 1252 and 19093.
313
What is the greatest common factor of 18 and 30?
6
What is the highest common divisor of 14 and 49?
7
Calculate the greatest common divisor of 47 and 1128.
47
What is the greatest common divisor of 6 and 54?
6
What is the highest common factor of 1043 and 1490?
149
What is the highest common divisor of 1 and 225?
1
Calculate the greatest common factor of 29 and 3.
1
Calculate the greatest common divisor of 15 and 33.
3
Calculate the greatest common divisor of 10 and 410.
10
Calculate the greatest common divisor of 90 and 22635.
45
What is the greatest common factor of 123 and 287?
41
Calculate the greatest common divisor of 213 and 568.
71
Calculate the highest common factor of 59 and 66788.
59
Calculate the greatest common divisor of 16 and 96.
16
Calculate the highest common divisor of 162 and 18.
18
Calculate the highest common divisor of 19 and 323.
19
Calculate the greatest common divisor of 2 and 4.
2
What is the greatest common divisor of 35 and 185?
5
Calculate the greatest common factor of 24 and 19128.
24
Calculate the greatest common factor of 44 and 748.
44
What is the highest common factor of 34 and 34?
34
What is the greatest common divisor of 385 and 3025?
55
Calculate the highest common factor of 3 and 702.
3
Calculate the highest common factor of 289 and 17.
17
Calculate the highest common factor of 81 and 459.
27
What is the highest common divisor of 315 and 126?
63
What is the greatest common divisor of 4500 and 10?
10
Calculate the highest common factor of 3 and 591.
3
Calculate the highest common factor of 22 and 2959.
11
Calculate the greatest common divisor of 13 and 26.
13
What is the highest common divisor of 1180 and 7788?
236
Calculate the greatest common factor of 84 and 34482.
42
Calculate the greatest common factor of 2976 and 48.
48
What is the highest common divisor of 78 and 1482?
78
What is the highest common divisor of 11696 and 340?
68
What is the greatest common factor of 15 and 85?
5
Calculate the greatest common factor of 8 and 872.
8
What is the highest common divisor of 192 and 2368?
64
Calculate the highest common factor of 16 and 128.
16
What is the greatest common factor of 768 and 81?
3
Calculate the highest common divisor of 688 and 16.
16
Calculate the highest common divisor of 1209 and 13.
13
What is the highest common factor of 3591 and 1323?
189
What is the highest common divisor of 504 and 10836?
252
Calculate the greatest common divisor of 940 and 160.
20
What is the highest common factor of 3 and 453?
3
Calculate the greatest common divisor of 300 and 40.
20
What is the greatest common divisor of 228 and 1976?
76
What is the highest common divisor of 81 and 648?
81
What is the greatest common divisor of 18 and 6?
6
What is the highest common factor of 76 and 2014?
38
Calculate the greatest common factor of 228 and 60.
12
Calculate the greatest common divisor of 104 and 676.
52
What is the highest common divisor of 358 and 537?
179
What is the highest common factor of 1085 and 2821?
217
Calculate the greatest common divisor of 8 and 200.
8
What is the greatest common divisor of 1152 and 1488?
48
What is the highest common factor of 18 and 531?
9
What is the greatest common factor of 11086 and 723?
241
What is the highest common divisor of 303 and 1717?
101
What is the greatest common divisor of 225 and 180?
45
Calculate the highest common divisor of 286 and 22.
22
What is the greatest common divisor of 1197 and 27?
9
What is the highest common divisor of 6 and 96?
6
Calculate the highest common factor of 29591 and 233.
233
Calculate the greatest common factor of 108 and 945.
27
Calculate the greatest common factor of 38 and 418.
38
Calculate the greatest common divisor of 46 and 828.
46
What is the highest common factor of 3969 and 81?
81
What is the highest common divisor of 5695 and 102?
17
Calculate the greatest common divisor of 29795 and 590.
295
What is the highest common factor of 45 and 1332?
9
Calculate the highest common divisor of 58 and 6.
2
Calculate the greatest common 